{"id":15,"date":"2019-03-14T10:53:37","date_gmt":"2019-03-14T10:53:37","guid":{"rendered":"http:\/\/localhost:8087\/wordpress\/?page_id=15"},"modified":"2022-09-10T13:31:36","modified_gmt":"2022-09-10T11:31:36","slug":"wir-uber-uns","status":"publish","type":"page","link":"https:\/\/mue352011.bplaced.net\/wordpress\/?page_id=15","title":{"rendered":"Wir \u00fcber uns"},"content":{"rendered":"\n<h4 class=\"wp-block-heading\">Entstehung und Geschichte<\/h4>\n\n\n\n<p>Unser Lauftreff ist im Januar 2005 entstanden.<br> <br>Durch w\u00f6chentliche Aufrufe gepaart mit Lauftipps f\u00fcr Anf\u00e4nger und Fortgeschrittene im Westfalen-Blatt (Versmolder Anzeiger) \u00fcber den vorangegangenen Dezember fanden sich auf Anhieb etwa 20 interessierte L\u00e4ufer\/innen zum ersten Lauf ein.<br>Treffpunkt war zun\u00e4chst der Bahnhofsvorplatz. Von dort startend haben wir zweimal w\u00f6chentlich unsere &#8220;Runden&#8221; gedreht. Die Teilnehmerzahlen gingen aber bis zum Sommer 2005 st\u00e4ndig zur\u00fcck. Einige L\u00e4ufer\/innen haben das Laufen nicht f\u00fcr sich entdeckt; andere haben sich umliegenden<br>Vereinen zugewandt oder wollten doch lieber f\u00fcr sich alleine laufen. Letztlich haben sich nur noch 3 L\u00e4uferinnen am inzwischen neu gebauten Aldi-Parkplatz getroffen; und das meistens nach vorheriger telefonischer Absprache.<br> <br>Bei Volksl\u00e4ufen in der Umgebung haben sich immer wieder Versmolder L\u00e4ufer\/innen getroffen, was dazu gef\u00fchrt hat, dass wir im Herbst 2007 eine erneute &#8220;Offensive&#8221; gestartet haben, um den Lauftreff zu beleben.<br> <br>Unseren Treffpunkt haben wir im September 2007 zum  Kurt-Nagel-Parkstadion verlegt, das nach aufwendigem Umbau -nun mit einer Tartanbahn ausgestattet; auch f\u00fcr eventuelles Tempotraining- optimale Bedingungen bietet.<br><br>Bekannte L\u00e4ufer\/innen wurden gezielt angesprochen und Lauftreff(trainings)zeiten wurden unter Veranstaltungen in der \u00f6rtliche Tagespresse ver\u00f6ffentlicht. Aus dem sich st\u00e4ndig vergr\u00f6\u00dfernden Kreis der Mitl\u00e4ufer\/innen kamen auch Impulse zum weiteren Ausbau der Gruppe.<br>Ein eigener Name wurde mit &#8220;LiVe-Lauftreff in Versmold&#8221; gefunden.<br> <br>Eine Internetadresse und einen Flyer mit wichtigen ersten Informationen zu unserem Lauftreff haben wir entwickelt und mit einigen F\u00f6rderern realisieren k\u00f6nnen. <br>Eine telefonische Absprache war nun nicht mehr notwendig, weil sich immer Teilnehmer zu den Lauftreffzeiten Dienstags und Donnerstags um 19:00 Uhr einfinden.<\/p>\n\n\n\n<p>Im Sommer 2010 hat sich -als Teil des LiVe-Lauftreff in Versmold- eine (Nordic-)Walkinggruppe gebildet, die aus einem Kurs entstanden ist, den wir in Zusammenarbeit mit dem ortsans\u00e4ssigen Physiotherapeuten Carsten Meyer auf der Heide durchgef\u00fchrt haben.<br>In den zwei Folgejahren haben wir diesen Kursus ebenfalls organisiert.<br> <br>Die Gruppe der (Nordic-)Walker\/innen trifft sich Freitags um 17:30 Uhr auf dem Parkplatz am Kurt-Nagel-Parkstadion\/ Caldenhofer Weg 26 oder -zus\u00e4tzlich- nach Abspracheund ist dann auf verschiedensten Strecke f\u00fcr 60-80 Minuten unterwegs. <\/p>\n\n\n\n<h4 class=\"wp-block-heading\">Idee &amp; Organisation<\/h4>\n\n\n\n<p>Der LiVe-Lauftreff in Versmold ist ein offener Lauftreff. <strong>G\u00e4ste sind immer herzlich willkommen<\/strong>. <\/p>\n\n\n\n<p>Jede\/r darf mitlaufen\/walken!<br> <br>Alle T\u00e4tigkeiten f\u00fcr unseren Lauftreff geschehen ehrenamtlich.<\/p>\n\n\n\n<p>Weil wir <strong>kein eingetragener Verein<\/strong> und auch nicht vereinsgebunden sind werden keine Mitgliedsbeitr\u00e4ge erhoben.<br>Das bedeutet aber auch, dass jede\/r Teilnehmer\/in auf eigenes Risiko an den L\u00e4ufen und Veranstaltungen des LiVe-Lauftreff in Versmold teilnimmt. Jede\/r ist f\u00fcr sich selbst verantwortlich und sollte sich dar\u00fcber hinaus dementsprechend versichern.<br>Der Lauf-und (Nordic-)Walkingtreff findet zu jeder Jahreszeit und bei jedem Wetter statt.<br>Ein Lauf-und Walkingangebot wird f\u00fcr einige Wochen im Voraus (mit Streckennamen und -l\u00e4nge ) auf dieser Website ver\u00f6ffentlicht.<br>Die von uns gelaufenen\/gewalkten Strecken k\u00f6nnen bei <a rel=\"noreferrer noopener\" href=\"http:\/\/www.alltrails.com\" target=\"_blank\">www.alltrails.com<\/a> eingesehen werden.<br>Die unter Lauf-und Walkingangebote angegebenen Uhrzeiten sind Treffzeiten am Kurt-Nagel-Parkstadion, Caldenhofer Weg.<br><br>Bei den Veranstaltungen ( fettgedruckt ) sind die Startzeiten angegeben. Die Treff- bzw. Abfahrtszeiten zu diesen Veranstaltungen werden vorher beim Lauf-\/Walkingtreff besprochen.<br><br>\u00dcber den angegebenen Link zu den Veranstaltungen ( fettgedruckt ) bekommt man\/frau weitere Ausk\u00fcnfte u Startort und Strecken, und hat meistens auch die M\u00f6glichkeit sich beim Veranstalter anzumelden.<br><br>Jede\/r die\/der sich bei der Anmeldung zu einer Volkslaufveranstaltung f\u00fcr &#8220;LiVe-Lauftreff in Versmold&#8221; eintr\u00e4gt, wird in der Ergebnisliste und Statistik auf unserer Homepage ber\u00fccksichtigt.<br> Auf die korrekte, einheitliche Schreibweise ist zu achten, weil die Ergebnisse bei gr\u00f6\u00dferen Veranstaltungen nur so auch in der Mannschaftswertung ber\u00fccksichtigt werden.<br><br> Bei einer Anmeldung zu einer Veranstaltung auf der Seite <a rel=\"noreferrer noopener\" href=\"http:\/\/www.laufen-os.de\" target=\"_blank\">www.laufen-os.de<\/a> haben wir seit einiger Zeit die M\u00f6glichkeit bei Vereinsauswahl auf -LiVe-Laufteff in Versmold- zuzugreifen. Das hat den Vorteil, dass es keine Schreibfehler bzw. Unterschiede bei der Schreibweise des Vereinsnamens mehr gibt.<br><br><strong>Wichtig:<\/strong> Es werden nur die Ergebnisse ber\u00fccksichtigt, die f\u00fcr &#8220;LiVe-Lauftreff in Versmold&#8221; erlaufen\/erwalkt werden.<\/p>\n\n\n\n<h4 class=\"wp-block-heading\">Stammtisch<\/h4>\n\n\n\n<p>Es besteht ein <strong>Stammtisch<\/strong>. In den ungeraden Monaten ( Januar, M\u00e4rz, Mai, &#8230;.), -jeweils am 2. Freitag, k\u00f6nnen L\u00e4ufer\/innen und Walker\/innen vom Lauftreff in Versmold Kritik, Lob, Ideen, Anregungen, usw. loswerden. Andere Interessierte sind willkommen. Es wird \u00fcber anstehende Teilnahmen an Veranstaltungen gesprochen und es werden gemeinsame Unternehmungen geplant. Der Termin und der Ort des Treffens wird auf dieser Website unter <em>Lauf-\/Walkingangebote<\/em>&#8211; bekanntgegeben.<\/p>\n\n\n\n<h4 class=\"wp-block-heading\">Besonderer Hinweis<\/h4>\n\n\n\n<p><strong>Jeder mu\u00df seinen Gesundheitszustand selbst einsch\u00e4tzen, gegebenenfalls \u00e4rtztlich \u00fcberpr\u00fcfen lassen und entsprechend den Anweisungen des Arztes handeln. <br>Jede\/r nimmt auf eigenes Risiko an den L\u00e4ufen und Veranstaltungen  beim &#8220;LiVe-Lauftreff in Versmold\u201c teil und ist selbst daf\u00fcr verantwortlich, sich vor Unf\u00e4llen und Verletzungen zu sch\u00fctzen.<\/strong><\/p>\n","protected":false},"excerpt":{"rendered":"<p>Entstehung und Geschichte Unser Lauftreff ist im Januar 2005 entstanden. Durch w\u00f6chentliche Aufrufe gepaart mit Lauftipps f\u00fcr Anf\u00e4nger und Fortgeschrittene im Westfalen-Blatt (Versmolder Anzeiger) \u00fcber [&#8230;]<\/p>\n","protected":false},"author":1,"featured_media":0,"parent":0,"menu_order":0,"comment_status":"closed","ping_status":"closed","template":"","meta":{"footnotes":""},"class_list":["post-15","page","type-page","status-publish","hentry"],"_links":{"self":[{"href":"https:\/\/mue352011.bplaced.net\/wordpress\/index.php?rest_route=\/wp\/v2\/pages\/15","targetHints":{"allow":["GET"]}}],"collection":[{"href":"https:\/\/mue352011.bplaced.net\/wordpress\/index.php?rest_route=\/wp\/v2\/pages"}],"about":[{"href":"https:\/\/mue352011.bplaced.net\/wordpress\/index.php?rest_route=\/wp\/v2\/types\/page"}],"author":[{"embeddable":true,"href":"https:\/\/mue352011.bplaced.net\/wordpress\/index.php?rest_route=\/wp\/v2\/users\/1"}],"replies":[{"embeddable":true,"href":"https:\/\/mue352011.bplaced.net\/wordpress\/index.php?rest_route=%2Fwp%2Fv2%2Fcomments&post=15"}],"version-history":[{"count":17,"href":"https:\/\/mue352011.bplaced.net\/wordpress\/index.php?rest_route=\/wp\/v2\/pages\/15\/revisions"}],"predecessor-version":[{"id":1532,"href":"https:\/\/mue352011.bplaced.net\/wordpress\/index.php?rest_route=\/wp\/v2\/pages\/15\/revisions\/1532"}],"wp:attachment":[{"href":"https:\/\/mue352011.bplaced.net\/wordpress\/index.php?rest_route=%2Fwp%2Fv2%2Fmedia&parent=15"}],"curies":[{"name":"wp","href":"https:\/\/api.w.org\/{rel}","templated":true}]}}

Wir über uns

<h4 class="wp-block-heading">Entstehung und Geschichte</h4>



<p>Unser Lauftreff ist im Januar 2005 entstanden.<br> <br>Durch wöchentliche Aufrufe gepaart mit Lauftipps für Anfänger und Fortgeschrittene im Westfalen-Blatt (Versmolder Anzeiger) über den vorangegangenen Dezember fanden sich auf Anhieb etwa 20 interessierte Läufer/innen zum ersten Lauf ein.<br>Treffpunkt war zunächst der Bahnhofsvorplatz. Von dort startend haben wir zweimal wöchentlich unsere &#8220;Runden&#8221; gedreht. Die Teilnehmerzahlen gingen aber bis zum Sommer 2005 ständig zurück. Einige Läufer/innen haben das Laufen nicht für sich entdeckt; andere haben sich umliegenden<br>Vereinen zugewandt oder wollten doch lieber für sich alleine laufen. Letztlich haben sich nur noch 3 Läuferinnen am inzwischen neu gebauten Aldi-Parkplatz getroffen; und das meistens nach vorheriger telefonischer Absprache.<br> <br>Bei Volksläufen in der Umgebung haben sich immer wieder Versmolder Läufer/innen getroffen, was dazu geführt hat, dass wir im Herbst 2007 eine erneute &#8220;Offensive&#8221; gestartet haben, um den Lauftreff zu beleben.<br> <br>Unseren Treffpunkt haben wir im September 2007 zum  Kurt-Nagel-Parkstadion verlegt, das nach aufwendigem Umbau -nun mit einer Tartanbahn ausgestattet; auch für eventuelles Tempotraining- optimale Bedingungen bietet.<br><br>Bekannte Läufer/innen wurden gezielt angesprochen und Lauftreff(trainings)zeiten wurden unter Veranstaltungen in der örtliche Tagespresse veröffentlicht. Aus dem sich ständig vergrößernden Kreis der Mitläufer/innen kamen auch Impulse zum weiteren Ausbau der Gruppe.<br>Ein eigener Name wurde mit &#8220;LiVe-Lauftreff in Versmold&#8221; gefunden.<br> <br>Eine Internetadresse und einen Flyer mit wichtigen ersten Informationen zu unserem Lauftreff haben wir entwickelt und mit einigen Förderern realisieren können. <br>Eine telefonische Absprache war nun nicht mehr notwendig, weil sich immer Teilnehmer zu den Lauftreffzeiten Dienstags und Donnerstags um 19:00 Uhr einfinden.</p>



<p>Im Sommer 2010 hat sich -als Teil des LiVe-Lauftreff in Versmold- eine (Nordic-)Walkinggruppe gebildet, die aus einem Kurs entstanden ist, den wir in Zusammenarbeit mit dem ortsansässigen Physiotherapeuten Carsten Meyer auf der Heide durchgeführt haben.<br>In den zwei Folgejahren haben wir diesen Kursus ebenfalls organisiert.<br> <br>Die Gruppe der (Nordic-)Walker/innen trifft sich Freitags um 17:30 Uhr auf dem Parkplatz am Kurt-Nagel-Parkstadion/ Caldenhofer Weg 26 oder -zusätzlich- nach Abspracheund ist dann auf verschiedensten Strecke für 60-80 Minuten unterwegs. </p>



<h4 class="wp-block-heading">Idee &amp; Organisation</h4>



<p>Der LiVe-Lauftreff in Versmold ist ein offener Lauftreff. <strong>Gäste sind immer herzlich willkommen</strong>. </p>



<p>Jede/r darf mitlaufen/walken!<br> <br>Alle Tätigkeiten für unseren Lauftreff geschehen ehrenamtlich.</p>



<p>Weil wir <strong>kein eingetragener Verein</strong> und auch nicht vereinsgebunden sind werden keine Mitgliedsbeiträge erhoben.<br>Das bedeutet aber auch, dass jede/r Teilnehmer/in auf eigenes Risiko an den Läufen und Veranstaltungen des LiVe-Lauftreff in Versmold teilnimmt. Jede/r ist für sich selbst verantwortlich und sollte sich darüber hinaus dementsprechend versichern.<br>Der Lauf-und (Nordic-)Walkingtreff findet zu jeder Jahreszeit und bei jedem Wetter statt.<br>Ein Lauf-und Walkingangebot wird für einige Wochen im Voraus (mit Streckennamen und -länge ) auf dieser Website veröffentlicht.<br>Die von uns gelaufenen/gewalkten Strecken können bei <a rel="noreferrer noopener" href="http://www.alltrails.com" target="_blank">www.alltrails.com</a> eingesehen werden.<br>Die unter Lauf-und Walkingangebote angegebenen Uhrzeiten sind Treffzeiten am Kurt-Nagel-Parkstadion, Caldenhofer Weg.<br><br>Bei den Veranstaltungen ( fettgedruckt ) sind die Startzeiten angegeben. Die Treff- bzw. Abfahrtszeiten zu diesen Veranstaltungen werden vorher beim Lauf-/Walkingtreff besprochen.<br><br>Über den angegebenen Link zu den Veranstaltungen ( fettgedruckt ) bekommt man/frau weitere Auskünfte u Startort und Strecken, und hat meistens auch die Möglichkeit sich beim Veranstalter anzumelden.<br><br>Jede/r die/der sich bei der Anmeldung zu einer Volkslaufveranstaltung für &#8220;LiVe-Lauftreff in Versmold&#8221; einträgt, wird in der Ergebnisliste und Statistik auf unserer Homepage berücksichtigt.<br> Auf die korrekte, einheitliche Schreibweise ist zu achten, weil die Ergebnisse bei größeren Veranstaltungen nur so auch in der Mannschaftswertung berücksichtigt werden.<br><br> Bei einer Anmeldung zu einer Veranstaltung auf der Seite <a rel="noreferrer noopener" href="http://www.laufen-os.de" target="_blank">www.laufen-os.de</a> haben wir seit einiger Zeit die Möglichkeit bei Vereinsauswahl auf -LiVe-Laufteff in Versmold- zuzugreifen. Das hat den Vorteil, dass es keine Schreibfehler bzw. Unterschiede bei der Schreibweise des Vereinsnamens mehr gibt.<br><br><strong>Wichtig:</strong> Es werden nur die Ergebnisse berücksichtigt, die für &#8220;LiVe-Lauftreff in Versmold&#8221; erlaufen/erwalkt werden.</p>



<h4 class="wp-block-heading">Stammtisch</h4>



<p>Es besteht ein <strong>Stammtisch</strong>. In den ungeraden Monaten ( Januar, März, Mai, &#8230;.), -jeweils am 2. Freitag, können Läufer/innen und Walker/innen vom Lauftreff in Versmold Kritik, Lob, Ideen, Anregungen, usw. loswerden. Andere Interessierte sind willkommen. Es wird über anstehende Teilnahmen an Veranstaltungen gesprochen und es werden gemeinsame Unternehmungen geplant. Der Termin und der Ort des Treffens wird auf dieser Website unter <em>Lauf-/Walkingangebote</em>&#8211; bekanntgegeben.</p>



<h4 class="wp-block-heading">Besonderer Hinweis</h4>



<p><strong>Jeder muß seinen Gesundheitszustand selbst einschätzen, gegebenenfalls ärtztlich überprüfen lassen und entsprechend den Anweisungen des Arztes handeln. <br>Jede/r nimmt auf eigenes Risiko an den Läufen und Veranstaltungen  beim &#8220;LiVe-Lauftreff in Versmold“ teil und ist selbst dafür verantwortlich, sich vor Unfällen und Verletzungen zu schützen.</strong></p>

<p>Entstehung und Geschichte Unser Lauftreff ist im Januar 2005 entstanden. Durch wöchentliche Aufrufe gepaart mit Lauftipps für Anfänger und Fortgeschrittene im Westfalen-Blatt (Versmolder Anzeiger) über [&#8230;]</p>
